17?
33250117
In base 6, what is 3034524 - -30?
3034554
In base 11, what is -110a09 + 21?
-110998
In base 2, what is 101 + 10011010110001110001100?
10011010110001110010001
In base 11, what is -5 - 132162?
-132167
In base 9, what is -527 + 238524?
237886
In base 7, what is -340125 + -415?
-340543
In base 8, what is -5 + -10225217?
-10225224
In base 16, what is -f + -4a5e62c?
-4a5e63b
In base 8, what is 20 - 156003?
-155763
In base 6, what is 111514 + -14252?
53222
In base 10, what is -1219 + 285748?
284529
In base 16, what is -11e + f2345?
f2227
In base 11, what is -58 - -697?
63a
In base 9, what is 46 + 557863?
558020
In base 8, what is -20760037 - -3?
-20760034
In base 14, what is -5 + 2294417?
2294412
In base 13, what is 4cb - 6203?
-5a05
In base 3, what is 1122120002 - -120221?
1200011000
In base 13, what is -35b3 + 3b4a1?
37bbb
In base 5, what is -10330144003 - 102?
-10330144110
In base 4, what is -1101301301 - -122?
-1101301113
In base 4, what is -10 - -1011230233?
1011230223
In base 8, what is 141717 - 271?
141426
In base 8, what is 4 - -242607577?
242607603
In base 13, what is -167c - 12688?
-14037
In base 7, what is 131 - 23222?
-23061
In base 3, what is 2222220000020 - 1012?
2222212222001
In base 2, what is -101100111110011000111 + 1011000?
-101100111110001101111
In base 14, what is -9 + 3276d71?
3276d66
In base 9, what is -15 + -403351?
-403366
In base 15, what is 3 - -1e4d8a6?
1e4d8a9
In base 16, what is 2c1 - -1209d?
1235e
In base 14, what is 68 + -323b91?
-323b27
In base 8, what is 253 + -21713?
-21440
In base 8, what is 215476254 + 5?
215476261
In base 8, what is 6 - 171443673?
-171443665
In base 13, what is 7a07 + 69?
7a73
In base 10, what is 59635 + 249?
59884
In base 3, what is 10 - 10200121210201?
-10200121210121
In base 15, what is -5a7da6 - -5?
-5a7da1
In base 14, what is -8421b1 + 1c?
-842193
In base 3, what is -1121110101221 - -2121?
-1121110022100
In base 12, what is -36a + 2684?
2316
In base 5, what is -14013 - 10313301?
-10332314
In base 3, what is 12111 + -22100011022012?
-22100011002201
In base 7, what is 44261 - 6101?
35160
In base 9, what is 587747 - -115?
587863
In base 12, what is 4 - -958221?
958225
In base 3, what is -1002222122000 - 22?
-1002222122022
In base 11, what is 19189 - -17614?
357a2
In base 10, what is -36508 - 35?
-36543
In base 14, what is a + 17532b6?
17532c2
In base 7, what is -401612 - -46?
-401533
In base 2, what is 1000010101 - 10111000000?
-1110101011
In base 2, what is 1100000100 + 10010000000010001011?
10010000001110001111
In base 6, what is 4 - -3444351022?
3444351030
In base 13, what is -18525b6 - -5?
-18525b1
In base 13, what is -7 - -473170?
473166
In base 5, what is 130 + -3223424430?
-3223424300
In base 5, what is 40214 + -103341?
-13122
In base 16, what is 27a1780 + -2?
27a177e
In base 12, what is -2aa9b38 - -3?
-2aa9b35
In base 14, what is 1532182c - 4?
15321828
In base 14, what is -16567 + 90?
-164b7
In base 3, what is 110020 - 20102002110?
-20101122020
In base 10, what is 17 + 3870233?
3870250
In base 13, what is 141591 + -4a0?
1410c1
In base 6, what is -1352441 - 13210?
-1410051
In base 15, what is cd947 + -9?
cd93d
In base 16, what is 4395 + 8b3e?
ced3
In base 4, what is -1003012221 - -120300?
-1002231321
In base 13, what is -8806 + -972?
-9478
In base 10, what is -24725002 - 6?
-24725008
In base 4, what is -1 - 12131021022?
-12131021023
In base 8, what is 1377303005 - 0?
1377303005
In base 8, what is -365 - -227074?
226507
In base 10, what is -3581079 - 34?
-3581113
In base 11, what is 80 + -3a34a64?
-3a34994
In base 7, what is -2 + -2106125230?
-2106125232
In base 9, what is -462 + -8381?
-8853
In base 15, what is 0 - -128e523e?
128e523e
In base 5, what is -3422033 - -1021?
-3421012
In base 11, what is -17715 - 468?
-18082
In base 3, what is -1211021 + 2022?
-1201222
In base 3, what is 2121220022112 - -100101?
2121220122220
In base 11, what is 1338 + 24a1?
3829
In base 4, what is -12203100111 + 11?
-12203100100
In base 2, what is 101 - -1101101010110100000010?
1101101010110100000111
In base 14, what is 55bbcb3 + -c?
55bbca5
In base 16, what is 2f - 54ac1?
-54a92
In base 9, what is -7188 + 5684?
-1404
In base 10, what is -8 - -499704?
499696
In base 5, what is 20134112444 + -3?
20134112441
In base 11, what is -44397 - 3385?
-47771
In base 13, what is 5 + -58a978?
-58a973
In base 7, what is -153 + 56265515?
56265332
In base 4, what is 0 - 21100202031?
-21100202031
In base 4, what is 300032 - 32322332?
-32022300
In base 6, what is 31 - -1022342?
1022413
In base 4, what is -23 - 122231213001?
-122231213030
In base 6, what is 2333355 + 1130?
2334525
In base 7, what is 2133511 - 42?
2133436
In base 5, what is 11303210 + -10104?
11243101
In base 10, what is -131621 + -92?
-131713
In base 4, what is -1321131 - -1112220?
-202311
In base 13, what is 1 - 91c079?
-91c078
In base 10, what is -701732797 - -1?
-701732796
In base 14, what is -4 + -34638?
-3463c
In base 3, what is 112112110111112020 - -11?
112112110111112101
In base 7, what is -24 - -266556116?
266556062
In base 5, what is -202000421110 + 4?
-202000421101
In base 4, what is 2223232 - 112103?
2111123
In base 4, what is -103331321 - -301003?
-103030312
In base 15, what is 1b392 - -8c?
1b42e
In base 7, what is 3214 - 2160054?
-2153540
In base 7, what is 151163241 - -5?
151163246
In base 12, what is 0 + 134502b?
134502b
In base 13, what is -35 - 7ac705?
-7ac73a
In base 8, what is -4601 + 171766?
165165
In base 2, what is 1100011111100001 + 1100010010?
1100101011110011
In base 16, what is -180b - 72c?
-1f37
In base 3, what is -11 + 10012100010201?
10012100010120
In base 5, what is -100032202 - -241?
-100031411
In base 4, what is -11 - 120011013102?
-120011013113
In base 6, what is -5 + 230145135?
230145130
In base 13, what is 99a - -31a61?
3272b
In base 4, what is -10 - 100130102203010?
-100130102203020
In base 16, what is -84489 - 1d7?
-84660
In base 2, what is -10100001111010111 - 100111110?
-10100010100010101
In base 3, what is -121020 + 2001201121110?
2001201000020
In base 12, what is 647b98 + 7?
647ba3
In base 14, what is 1a132 + 269a?
1c7cc
In base 16, what is d78f81 + 2?
d78f83
In base 6, what is -11441525 - -10114?
-11431411
In base 5, what is -212321 - -14001?
-143320
In base 4, what is 213300 - 2123?
211111
In base 4, what is 11202331 - 10220301?
322030
In base 12, what is -34385 - 105?
-3448a
In base 3, what is 1 - -100112211121?
100112211122
In base 5, what is -10420 + 20344132?
20333212
In base 8, what is 13 - 125135275?
-125135262
In base 7, what is 1425601 + 110?
1426011
In base 16, what is -1a245 - -7?
-1a23e
In base 8, what is -5 - 506755041?
-506755046
In base 13, what is -570102 - 1?
-570103
In base 13, what is 13 - 31a4cca?
-31a4cb7
In base 11, what is 9 + 1792581?
179258a
In base 4, what is 201031310 + -103130?
200322120
In base 11, what is 847 - -7587?
8323
In base 8, what is -204 + 6757105?
6756701
In base 8, what is -41526134 - -11?
-41526123
In base 15, what is -37a + -d58?
-11d3
In base 6, what is -3 - -2510332311?
2510332304
In base 3, what is -1010 + 2202002200?
2202001120
In base 9, what is -31371 + -1754?
-33235
In base 3, what is 1210111011001 - -21?
1210111011022
In base 5, what is 102122212244 - 2?
102122212242
In base 5, what is 13212 + 1311120?
1324332
In base 3, what is -110001112012222 + -1?
-110001112020000
In base 16, what is -1 - -890fea?
890fe9
In base 3, what is 12 + 2001001101102102?
2001001101102121
In base 2, what is 110111000101001001 - 110010?
110111000100010111
In base 16, what is 1df1b9b + -4?
1df1b97
In base 7, what is 1 - 131062113?
-131062112
In base 7, what is 233162 + -362?
232500
In base 10, what is -311 + 1012?
701
In base 5, what is -41 + 112300442?
112300401
In base 8, what is -207267307 + 2?
-207267305
In base 2, what is 1111011101000111 - -10101101?
1111011111110100
In base 7, what is -231516 - 662?
-232511
In base 14, what is 24ab3 - -94?
24b67
In base 8, what is 5723475 + 2?
5723477
In base 15, what is 3 - 11057?
-11054
In base 8, what is 113 + -260?
-145
In base 9, what is 118554 + 17?
118572
In base 5, what is -2330030 + -10012?
-2340042
In base 14, what is -94b40a6 - -3?
-94b40a3
In base 12, what is 30 - 6ab14?
-6aaa4
In base 10, what is 2603074 - 15?
2603059
In b